thousands digit of 73282332?
8
What is the ten thousands digit of 28034849?
3
What is the thousands digit of 22137334?
7
What is the units digit of 142964899?
9
What is the millions digit of 3665672167?
5
What is the thousands digit of 197210582?
0
What is the ten millions digit of 204530942?
0
What is the tens digit of 60761005?
0
What is the ten millions digit of 1461071346?
6
What is the units digit of 4445524920?
0
What is the hundreds digit of 148055250?
2
What is the hundreds digit of 198751806?
8
What is the hundred thousands digit of 512911148?
9
What is the units digit of 1424326167?
7
What is the millions digit of 2587578480?
7
What is the tens digit of 1366481296?
9
What is the ten millions digit of 364840723?
6
What is the millions digit of 441855503?
1
What is the billions digit of 3016518170?
3
What is the thousands digit of 32549766?
9
What is the hundred thousands digit of 101721209?
7
What is the tens digit of 29187644?
4
What is the hundreds digit of 75998585?
5
What is the units digit of 116355143?
3
What is the ten millions digit of 3796494699?
9
What is the thousands digit of 140682507?
2
What is the units digit of 78987493?
3
What is the millions digit of 34841007?
4
What is the units digit of 153398854?
4
What is the units digit of 66392014?
4
What is the hundreds digit of 3389031045?
0
What is the hundred thousands digit of 37264173?
2
What is the billions digit of 1105934109?
1
What is the ten thousands digit of 1933643403?
4
What is the hundred thousands digit of 21855758?
8
What is the millions digit of 118274778?
8
What is the hundred millions digit of 2217590719?
2
What is the thousands digit of 899599257?
9
What is the ten millions digit of 1110065795?
1
What is the hundred thousands digit of 77584884?
5
What is the tens digit of 12875574?
7
What is the thousands digit of 3835965233?
5
What is the millions digit of 2561295763?
1
What is the tens digit of 3545037708?
0
What is the hundred thousands digit of 282379860?
3
What is the ten thousands digit of 315083005?
8
What is the thousands digit of 131296823?
6
What is the tens digit of 27909910?
1
What is the ten thousands digit of 1334776516?
7
What is the ten thousands digit of 25036739?
3
What is the hundreds digit of 17163944?
9
What is the tens digit of 5190784623?
2
What is the hundred thousands digit of 131914319?
9
What is the hundreds digit of 512783694?
6
What is the ten millions digit of 3072145167?
7
What is the ten millions digit of 559011271?
5
What is the units digit of 979910608?
8
What is the units digit of 35400693?
3
What is the hundreds digit of 614981644?
6
What is the thousands digit of 2615765977?
5
What is the thousands digit of 941426353?
6
What is the millions digit of 180382214?
0
What is the hundreds digit of 557764645?
6
What is the ten millions digit of 2373244271?
7
What is the tens digit of 298583216?
1
What is the ten thousands digit of 391980787?
8
What is the ten thousands digit of 852539946?
3
What is the units digit of 216518677?
7
What is the ten thousands digit of 6157742834?
4
What is the tens digit of 118603537?
3
What is the millions digit of 2402367?
2
What is the ten millions digit of 2769837801?
6
What is the ten thousands digit of 7693735?
9
What is the tens digit of 5877152835?
3
What is the ten millions digit of 253347869?
5
What is the tens digit of 10283281?
8
What is the hundred millions digit of 157870859?
1
What is the hundreds digit of 2956262977?
9
What is the thousands digit of 55685721?
5
What is the thousands digit of 5896503583?
3
What is the ten thousands digit of 29683040?
8
What is the ten millions digit of 1242538552?
4
What is the ten thousands digit of 275048729?
4
What is the units digit of 219492954?
4
What is the millions digit of 26324776?
6
What is the hundred thousands digit of 4249162208?
1
What is the hundred thousands digit of 3136995564?
9
What is the tens digit of 216979282?
8
What is the hundred thousands digit of 1450308510?
3
What is the ten millions digit of 158624825?
5
What is the hundred thousands digit of 388535?
3
What is the hundreds digit of 21849357?
3
What is the ten thousands digit of 722239984?
3
What is the hundreds digit of 32338509?
5
What is the hundreds digit of 846800279?
2
What is the tens digit of 2240694851?
5
What is the hundreds digit of 31877018?
0
What is the hundred millions digit of 230965016?
2
What is the thousands digit of 60647209?
7
What is the hundred millions digit of 3265342651?
2
What is the millions digit of 2309177699?
9
What is the units digit of 1414594012?
2
What is the thousands digit of 857063231?
3
What is the hundreds digit of 1214869249?
2
What is the hundreds digit of 753855841?
8
What is the hundred thousands digit of 33819623?
8
What is the hundred millions digit of 2554310430?
5
What is the hundreds digit of 803906470?
4
What is the hundred thousands digit of 1147500889?
5
What is the ten thousands digit of 375626793?
2
What is the hundreds digit of 1443594306?
3
What is the thousands digit of 121352123?
2
What is the hundred thousands digit of 140951727?
9
What is the millions digit of 35833090?
5
What is the hundreds digit of 1498062472?
4
What is the hundreds digit of 57148431?
4
What is the ten thousands digit of 2525649465?
4
What is the ten millions digit of 485787205?
8
What is the millions digit of 1234008716?
4
What is the tens digit of 307752274?
7
What is the millions digit of 47950916?
7
What is the ten millions digit of 937697289?
3
What is the hundred thousands digit of 156311783?
3
What is the hundred thousands digit of 1967954338?
9
What is the hundred millions digit of 6128343517?
1
What is the thousands digit of 88625632?
5
What is the tens digit of 26180288?
8
What is the hundred thousands digit of 328411431?
4
What is the units digit of 62772326?
6
What is the hundreds digit of 135410878?
8
What is the units digit of 1627807?
7
What is the ten thousands digit of 86405566?
0
What is the billions digit of 5444121841?
5
What is the hundred millions digit of 187758670?
1
What is the thousands digit of 814994306?
4
What is the ten millions digit of 14380768?
1
What is the billions digit of 9412866851?
9
What is the tens digit of 154159700?
0
What is the hundreds digit of 153224460?
4
What is the hundreds digit of 48370251?
2
What is the tens digit of 164117449?
4
What is the thousands digit of 467233423?
3
What is the tens digit of 17720982?
8
What is the tens digit of 2808768850?
5
What is the hundred thousands digit of 1120329?
1
What is the millions digit of 94303033?
4
What is the hundred thousands digit of 173933034?
9
What is the units digit of 27173264?
4
What is the units digit of 1364198793?
3
What is the hundreds digit of 2176694284?
2
What is the thousands digit of 70358199?
8
What is the tens digit of 201891239?
3
What is the millions digit of 110012344?
0
What is the units digit of 4324457840?
0
What is the hundred thousands digit of 30130335?
1
What is the units digit of 160856389?
9
What is the millions digit of 270200921?
0
What is the ten thousands digit of 51908264?
0
What is the billions digit of 2935256761?
2
What is the hundred thousands digit of 299466312?
4
What is the ten millions digit of 93276743?
9
What is the ten thousands digit of 225455922?
5
What is the ten millions digit of 253010498?
5
What is the ten thousands digit of 348583978?
8
What is the ten millions digit of 238638564?
3
What is the hundreds digit of 56626583?
5
What is the ten millions digit of 896238238?
9
What is the ten millions digit of 366511957?
6
What is the ten thousands digit of 521119377?
1
What is the hundred thousands digit of 217183640?
1
What is the hundred thousands digit of 28731796?
7
What is the hundred millions digit of 644859142?
6
What is the hundreds digit of 1232513016?
0
What is the hundreds digit of 180415688?
6
What is the tens digit of 499575930?
3
What is the hundred millions digit of 1783973775?
7
What is the thousands digit of 26799609?
9
What is the billions digit of 7030280115?
7
What is the hundred thousands digit of 60791848?
7
What is the hundred millions digit of 3530009961?
5
What is the ten millions digit of 20388436?
2
What is the hundred thousands digit of 1165742452?
7
What is the hundre